**3 + 21*o**2 + 2*o - 48. Let k = -792 + 813. Determine q(k).
-6
Let g(i) be the third derivative of -i**4/12 - i**3/2 + 51*i**2. What is g(-5)?
7
Let t = 27 - 24. Let x(i) = i**2 + i + 1. Give x(t).
13
Let t(v) = -v**3 - 8*v**2 - 2. Suppose 2*k + 0*k = -2*x + 20, 30 = 2*k + 4*x. Suppose -k = -2*d - 1. Let f be -1 - d - (3 - -2). Calculate t(f).
-2
Let s(b) = b**3 + 4*b**2 + 2*b + 2. Suppose v + 3*y = 38, 4*y = -0*v - v + 37. Let k = -35 + v. Suppose k*z = 11*z + 20. Calculate s(z).
-6
Suppose -5*w + 2*w - 5*l = -8, 20 = -3*w + 2*l. Let r(v) = v + 6*v + 3 - 9*v + 0*v. Determine r(w).
11
Suppose 3 = 3*x - 7*d + 3*d, 0 = 4*x - 4*d - 8. Let k(j) be the second derivative of -1/3*j**3 + 0 + x*j - 1/2*j**2 - 1/4*j**4. Determine k(-1).
-2
Let p(g) = g**2 - 11*g + 4. Let b = -2089 - -2099. What is p(b)?
-6
Let d be ((-1239)/295)/((-7)/10). Let f(c) = c**2 - c - 26. Give f(d).
4
Let v(n) = 2*n + 24. Let h be -17 - (1 + (-5 - 6)). What is v(h)?
10
Let l(m) be the third derivative of m**6/120 + m**5/60 - m**4/8 + m**3/3 - m**2. Let v = 24 - 22. Suppose -v*x - 3*x + 10 = 0. Give l(x).
8
Let k = 88 + -92. Let z be (-2)/k*(-2 + -6) - -9. Let m(g) = -2*g - 5. Determine m(z).
-15
Let v(l) be the second derivative of l**5/20 - l**4/3 - l**3 + 136*l. Let h be 2 - -2 - 1 - -2. What is v(h)?
-5
Let v(y) = -10*y**2 + 2*y - 3. Let x(a) = -a**2 + 1. Let o(d) = -v(d) - 2*x(d). Let k = 16591 - 16590. Determine o(k).
11
Let i(q) be the third derivative of q**4/24 - q**3/6 + q**2. Let y(g) = -4*g - 19. Suppose -6*v - 16 = -2*v. Let k be y(v). Calculate i(k).
-4
Let b(d) = -3*d + 8. Let l(f) = -4*f + 12. Suppose 0 = 5*r - 4*a - 16 - 25, 0 = 5*r + 4*a - 9. Let h(c) = r*l(c) - 7*b(c). What is h(3)?
7
Let d(q) = q**3 - 4*q**2 - 2*q + 2. Let f = 361 - 359. What is d(f)?
-10
Let i(v) = v**3 - 4*v**2 - v + 3. Suppose -c + 51 = 46. Calculate i(c).
23
Let h(i) = -10*i**2 + 4*i + 3. Let q(t) = -7*t**2 + 4*t + 2. Let s(v) = -2*h(v) + 3*q(v). Calculate s(5).
-5
Let j(s) be the second derivative of -37*s + 1/6*s**3 + 0 - 1/12*s**4 - s**2. Determine j(3).
-8
Let s(f) = f**3 - 8*f**2 + 14*f. Let v be s(6). Let l(c) = -c**3 + 13*c**2 - 12*c + 11. Determine l(v).
11
Let m(z) = -39 + 66 + 4*z**2 - 31 + z**3 + 3*z - 4*z. What is m(-4)?
0
Let a(h) be the third derivative of -h**6/120 + h**5/60 + h**4/8 + h**3/3 + 8*h**2 + 21*h. Calculate a(-1).
1
Let d(a) = a**3 - a**2 - a - 4. Let c = 210 - 210. Give d(c).
-4
Let h(s) = 1 - 8 + 3*s - 4*s**2 + 5*s**2. Let x(a) = -a**2 - 4*a + 8. Let z = 178 - 172. Let o(f) = z*x(f) + 7*h(f). Determine o(4).
3
Let c be 55 + -59 - -2*1*2. Let b(h) be the first derivative of h**2 - 1/4*h**4 + 0*h - 3 + c*h**3. Determine b(-2).
4
Let w = 3 + -3. Suppose w*g - 5*g = -30. Let h(s) = -s + 1. What is h(g)?
-5
Let j(q) = -2*q - 5. Let c be 9/(-3)*(7 - (6 - 1)). What is j(c)?
7
Suppose x + 0 = -3. Let g(z) be the second derivative of z**3/6 - 3*z**2/2 + 14*z. Give g(x).
-6
Let j(z) be the second derivative of z**4/12 - 3*z**2 - 9*z. Let y = 48 - 48. Determine j(y).
-6
Let j(r) be the second derivative of r**3 + 2*r - 1. What is j(-4)?
-24
Suppose 88*b = 86*b - 12. Let h(y) = y + 2*y + 2 - y. Give h(b).
-10
Let y(m) = 7*m + 6. Let d = -8 - -12. Let r(t) = 3*t + 3. Let o(h) = d*y(h) - 9*r(h). Suppose 3*x + 2*x + 20 = 0, 4*x + 16 = p. What is o(p)?
-3
Let y(x) = x**3 + 5*x**2 + 7*x + 4. Let d(a) = -a**2 - 4*a - 3. Let h be d(-2). Suppose 3*b - 32 - h = 0. Let s be b + -12 + 1 + -4. Determine y(s).
-8
Let n(l) be the second derivative of 5/24*l**4 + 1/120*l**5 + 5/3*l**3 + 0 - 11*l + 0*l**2. Let i(o) be the second derivative of n(o). Determine i(-4).
1
Let q be 15/(-3) + 4/2. Let l be (-9)/(-27)*-9*(-2)/3. Let r(y) = 2129 - 2131 + y - l*y. Give r(q).
1
Let o(v) = 15*v + 21. Let b(y) = -8*y - 10. Let i(f) = 9*b(f) + 5*o(f). Let h be i(-6). Let m(l) = 2*l**2 + 5*l + 2. Calculate m(h).
5
Let k(g) = 2*g. Suppose -4*a - 3*n = 25, -4*a - a + n - 17 = 0. Let s be a/(-16) - 3/(-4). Let f be (0 + 0 - s)*1. Calculate k(f).
-2
Let g(p) be the first derivative of p**3/3 + p**2/2 + 8*p - 75. Determine g(0).
8
Let c = 517 - 514. Let i(b) = b**2 - 6*b + 10. Determine i(c).
1
Let x(h) = -h**3 - 5*h**2 - h - 5. Let p(f) = f**3 - 4*f**2 - 3*f**2 - 3*f + 5*f + 16*f**2 + 9. Let c(l) = -6*p(l) - 11*x(l). Let o = -1 + 2. Determine c(o).
6
Suppose -g = -7*v + 4*v + 6, -2 = -v - 2*g. Suppose -3*z = v*z - 70. Suppose 0 = z*y - 18*y + 32. Let a(f) = -f**3 + 9*f**2 - 7*f - 11. Calculate a(y).
-3
Let t(u) = u - 7. Let z be (0 + 1)/(-2)*(20 - 10). What is t(z)?
-12
Suppose 5*o = 4*u - 2, -2*o - 6*u + 10 = -4*u. Let b(d) = -2*d**3 - 3*d**2 + 4*d - 4. What is b(o)?
-24
Let t(q) be the second derivative of -q**6/90 + 7*q**3/6 + 3*q. Let g(u) be the second derivative of t(u). Let i be ((-2)/4)/((-5)/(-10)). Give g(i).
-4
Let n(c) = -2*c - 8. Let p(u) = 1. Let t be 7 + -7 + (-2)/(-2). Let z(r) = t*n(r) + 2*p(r). Calculate z(-7).
8
Suppose 0 = 4*u - 50 - 106. Let m = -34 + u. Let l(x) = 0*x + 0*x**2 - x**2 - 2 + 6*x. What is l(m)?
3
Let w(t) = 16*t + 82. Let h be w(-5). Let r(x) = -x**2 + 5*x - 5. Calculate r(h).
1
Suppose -2*p = -4*l - 108, -p - 5*l = p - 81. Let q be p/(-8)*8/(-6). Let d(m) = m**3 - 8*m**2 + m. Give d(q).
8
Let n(o) = o**3 + 6*o**2 - o - 5. Suppose 2*l = -2*l + 36. Suppose -l*d - 6 = -8*d. Determine n(d).
1
Let s be (-1 - -6)*(-1 - 0 - -2). Suppose -26 = -4*g + 2*w, s*g + 5*w - 8 = 2. Let a(n) = -3*n - 2*n + 4*n. Calculate a(g).
-5
Let v = 2189 - 2189. Let g(l) = -l + 7. Determine g(v).
7
Let a(y) = -20*y**2 + 6*y**3 + 34*y**2 - 13*y**2. Let s = -17 - -16. What is a(s)?
-5
Let v(r) = -r**2 + 6. Let f = 12 - 9. Let h be v(f). Let z be (-4*2)/(h - -1). Let w(i) = 2*i - 6. Give w(z).
2
Let q(c) = 428 - 6*c**2 - 3*c**3 - 869 + 4*c**3 + 5*c + 438. What is q(4)?
-15
Let g = -98 + 108. Suppose -5*u - 2*m - g = -0*m, m + 5 = u. Let p(f) = 2*f**3 + 0 - 3*f**3 - 2. What is p(u)?
-2
Let n = -2 + 2. Let o(f) = -7*f**3 - 7*f**2 - 2*f - 3. Let q(x) = -3*x**3 - 3*x**2 - x - 2. Let m = 5 + -1. Let c(b) = m*o(b) - 9*q(b). What is c(n)?
6
Let y = 326 + -332. Let z(k) = -k**3 - 6*k**2 - 2*k - 7. Give z(y).
5
Suppose -6*s = 15*s - 147. Let p(o) = 5 - 9*o - 4*o**2 + 5*o**2 + 2*o. What is p(s)?
5
Let y(u) = -u**2 - 3*u + 3. Let b(q) = -2*q + 1. Let d be b(-2). Suppose -d*f + 1 = -4*r + 5, 12 = -4*r + f. What is y(r)?
-1
Let n(y) = y**2 + 15*y + 5. Let f be n(-15). Suppose 0 = f*t - 0 - 10. Let u(l) = 10*l**2 - 12*l**2 + 3*l**t. Give u(0).
0
Let h(n) = -3*n**3 - 3*n**2 - 2*n - 1. Suppose 1 = -3*f - 4*y - 1, -y + 5 = -2*f. What is h(f)?
15
Let p(k) be the third derivative of -k**5/60 + k**4/24 + k**3/3 - k**2 - 52. Suppose d = 2 + 1. What is p(d)?
-4
Let i(n) = -3*n**2 - n**3 + 3*n + 6 - 13 + 10. Give i(-3).
-6
Let j(b) be the second derivative of -1/6*b**3 + 0 - 2*b + 7/2*b**2. Suppose -q = 2*i + 2*i - 14, 0 = -q + 2*i + 2. Give j(q).
1
Let r(g) = -g - 3. Let h be r(-6). Suppose -h*u - 6 = -0*m - 3*m, 0 = 3*u + 5*m - 18. Let y(n) be the first derivative of n**3/3 - n**2 + n - 11. What is y(u)?
0
Let l(p) = p**3 + 5*p**2 + 2*p + 3. Let i(x) = 5*x + 40. Let n(d) = -26*d - 201. Let m(j) = -11*i(j) - 2*n(j). Let v be m(-11). What is l(v)?
-7
Let c = -10 + 5. Let g(k) = 2*k - 5 + 560*k**2 - 559*k**2 + 5. Calculate g(c).
15
Let l(s) = 2*s - 5 - 2 + 0*s**2 - 3*s**2 + 8. Give l(-1).
-4
Let w(t) = 21*t + 154. Let m(v) = -7*v - 52. Let j(q) = 8*m(q) + 3*w(q). Give j(-7).
-3
Let v(k) = -2*k**2 - 3*k. Let a(d) be the first derivative of d**4/4 - 5*d**3/3 + 2*d**2 - 5*d + 1. Let x be a(5). Let b = 12 - x. Determine v(b).
-9
Let b(v) = -v - 1. Let c(u) = u + 6. Let s(r) = -2*b(r) + c(r). Let p(i) = i + 1. Let m(f) = -6*p(f) + s(f). Give m(5).
-13
Suppose i = 13*i + 60. Let o(f) = -f**3 - 4*f**2 + 7*f + 5. Give o(i).
-5
Let a(s) be the third derivative of 0*s + 0 - 16*s**2 - 1/6*s**3 + 11/30*s**5 - 1/12*s**4. What is a(-1)?
23
Let o(k) = k**2 - k - 1. Let d be o(3). Let l(i) = -i + 28. Let m(c) = c - 47. Let u(g) = -2*l(g) - m(g). Determine u(d).
-4
Let o(j) be the second derivative of j**3/2 + j**2 + 47*j. Give o(-3).
-7
Let i be (5/(-3))/(1/3). Let f(v) be the second derivative of 1/20*v**5 - 1/3*v**3 + 5/12*v**4 + 13*v - 7/2*v**2 + 0. What is f(i)?
3
Let r be (-20)/(-15)*((-9)/6 - -3). Let j(m) = -3*m**r + 1 + 4 - 